{"id":6061,"date":"2021-03-24T19:16:28","date_gmt":"2021-03-24T18:16:28","guid":{"rendered":"http:\/\/cofab-in-bondy.fr\/?page_id=6061"},"modified":"2021-03-24T19:28:34","modified_gmt":"2021-03-24T18:28:34","slug":"espace-de-rangement","status":"publish","type":"page","link":"https:\/\/cofab-in-bondy.fr\/?page_id=6061","title":{"rendered":"Espace de rangement et exposition"},"content":{"rendered":"\n<p>Dans la salle \u00ab\u00a0Figures de l&rsquo;ombre\u00a0\u00bb du Cofab in Bondy (salle de coworking), vous pourrez voir de grandes bo\u00eetes de rangement en plastique.<\/p>\n\n\n\n<p>Celles-ci servent notamment pour le <strong>rangement de projets en cours<\/strong>.<\/p>\n\n\n\n<p>Donc s&rsquo;il y a un projet scientifique que vous avez envie de d\u00e9velopper au Cofab, sachez que nous pouvons vous mettre \u00e0 disposition l&rsquo;un de ces caisses le temps de votre progression, n&rsquo;h\u00e9sitez pas \u00e0 nous contacter !<\/p>\n\n\n\n<figure class=\"wp-block-image size-large\"><img loading=\"lazy\" width=\"1024\" height=\"768\" src=\"http:\/\/cofab-in-bondy.fr\/wp-content\/uploads\/2021\/02\/IMG_20210217_092856-1024x768.jpg\" alt=\"\" class=\"wp-image-5366\" srcset=\"https:\/\/cofab-in-bondy.fr\/wp-content\/uploads\/2021\/02\/IMG_20210217_092856-1024x768.jpg 1024w, https:\/\/cofab-in-bondy.fr\/wp-content\/uploads\/2021\/02\/IMG_20210217_092856-300x225.jpg 300w, https:\/\/cofab-in-bondy.fr\/wp-content\/uploads\/2021\/02\/IMG_20210217_092856-768x576.jpg 768w, https:\/\/cofab-in-bondy.fr\/wp-content\/uploads\/2021\/02\/IMG_20210217_092856-1536x1152.jpg 1536w, https:\/\/cofab-in-bondy.fr\/wp-content\/uploads\/2021\/02\/IMG_20210217_092856-2048x1536.jpg 2048w, https:\/\/cofab-in-bondy.fr\/wp-content\/uploads\/2021\/02\/IMG_20210217_092856-400x300.jpg 400w\" sizes=\"(max-width: 1024px) 100vw, 1024px\" \/><figcaption>Caisses de rangement, \u00e0 l&rsquo;entr\u00e9e du fablab, salle \u00ab\u00a0Figures de l&rsquo;ombre\u00a0\u00bb<\/figcaption><\/figure>\n\n\n\n<p><strong>Une fois votre projet termin\u00e9, pourquoi ne pas l&rsquo;exposer dans la salle principale du fablab ?<\/strong><\/p>\n\n\n\n<p>Dans la m\u00eame salle se trouve un espace d&rsquo;exposition, qui est disponible pour accueillir vos projets termin\u00e9s. Donc si vous avez men\u00e9 un projet au Cofab, nous serons heureux de l&rsquo;exposer \u00e0 nos visiteur\u00b7se\u00b7s. N&rsquo;h\u00e9sitez pas \u00e0 revenir vers nous !<\/p>\n\n\n\n<figure class=\"wp-block-image size-medium\"><img loading=\"lazy\" width=\"300\" height=\"225\" src=\"https:\/\/cofab-in-bondy.fr\/wp-content\/uploads\/2021\/02\/IMG_20210217_092848-300x225.jpg\" alt=\"\" class=\"wp-image-5365\" srcset=\"https:\/\/cofab-in-bondy.fr\/wp-content\/uploads\/2021\/02\/IMG_20210217_092848-300x225.jpg 300w, https:\/\/cofab-in-bondy.fr\/wp-content\/uploads\/2021\/02\/IMG_20210217_092848-1024x768.jpg 1024w, https:\/\/cofab-in-bondy.fr\/wp-content\/uploads\/2021\/02\/IMG_20210217_092848-768x576.jpg 768w, https:\/\/cofab-in-bondy.fr\/wp-content\/uploads\/2021\/02\/IMG_20210217_092848-1536x1152.jpg 1536w, https:\/\/cofab-in-bondy.fr\/wp-content\/uploads\/2021\/02\/IMG_20210217_092848-2048x1536.jpg 2048w, https:\/\/cofab-in-bondy.fr\/wp-content\/uploads\/2021\/02\/IMG_20210217_092848-400x300.jpg 400w\" sizes=\"(max-width: 300px) 100vw, 300px\" \/><figcaption>Espace d&rsquo;exposition de projets<\/figcaption><\/figure>\n\n\n\n<figure class=\"wp-block-image size-large\"><img loading=\"lazy\" width=\"1024\" height=\"768\" src=\"https:\/\/cofab-in-bondy.fr\/wp-content\/uploads\/2021\/02\/IMG_20210217_092916-1024x768.jpg\" alt=\"\" class=\"wp-image-5367\" srcset=\"https:\/\/cofab-in-bondy.fr\/wp-content\/uploads\/2021\/02\/IMG_20210217_092916-1024x768.jpg 1024w, https:\/\/cofab-in-bondy.fr\/wp-content\/uploads\/2021\/02\/IMG_20210217_092916-300x225.jpg 300w, https:\/\/cofab-in-bondy.fr\/wp-content\/uploads\/2021\/02\/IMG_20210217_092916-768x576.jpg 768w, https:\/\/cofab-in-bondy.fr\/wp-content\/uploads\/2021\/02\/IMG_20210217_092916-1536x1152.jpg 1536w, https:\/\/cofab-in-bondy.fr\/wp-content\/uploads\/2021\/02\/IMG_20210217_092916-2048x1536.jpg 2048w, https:\/\/cofab-in-bondy.fr\/wp-content\/uploads\/2021\/02\/IMG_20210217_092916-400x300.jpg 400w\" sizes=\"(max-width: 1024px) 100vw, 1024px\" \/><figcaption>Exposition du projet \u00ab\u00a0Marrak&rsquo;air\u00a0\u00bb<\/figcaption><\/figure>\n\n\n\n<p><\/p>\n","protected":false},"excerpt":{"rendered":"<p>Dans la salle \u00ab\u00a0Figures de l&rsquo;ombre\u00a0\u00bb du Cofab in Bondy (salle de coworking), vous pourrez voir de grandes bo\u00eetes de rangement en plastique. Celles-ci servent notamment pour le rangement de [&hellip;]<\/p>\n","protected":false},"author":2,"featured_media":0,"parent":0,"menu_order":0,"comment_status":"closed","ping_status":"closed","template":"","meta":[],"yoast_head":"<!-- This site is optimized with the Yoast SEO plugin v16.0.2 - https:\/\/yoast.com\/wordpress\/plugins\/seo\/ -->\n<title>Espace de rangement et exposition - Co-Fab in Bondy<\/title>\n<meta name=\"robots\" content=\"index, follow, max-snippet:-1, max-image-preview:large, max-video-preview:-1\" \/>\n<link rel=\"canonical\" href=\"https:\/\/cofab-in-bondy.fr\/?page_id=6061\" \/>\n<meta property=\"og:locale\" content=\"fr_FR\" \/>\n<meta property=\"og:type\" content=\"article\" \/>\n<meta property=\"og:title\" content=\"Espace de rangement et exposition - Co-Fab in Bondy\" \/>\n<meta property=\"og:description\" content=\"Dans la salle \u00ab\u00a0Figures de l&rsquo;ombre\u00a0\u00bb du Cofab in Bondy (salle de coworking), vous pourrez voir de grandes bo\u00eetes de rangement en plastique. Celles-ci servent notamment pour le rangement de [&hellip;]\" \/>\n<meta property=\"og:url\" content=\"https:\/\/cofab-in-bondy.fr\/?page_id=6061\" \/>\n<meta property=\"og:site_name\" content=\"Co-Fab in Bondy\" \/>\n<meta property=\"article:modified_time\" content=\"2021-03-24T18:28:34+00:00\" \/>\n<meta property=\"og:image\" content=\"http:\/\/cofab-in-bondy.fr\/wp-content\/uploads\/2021\/02\/IMG_20210217_092856-1024x768.jpg\" \/>\n<meta name=\"twitter:card\" content=\"summary_large_image\" \/>\n<meta name=\"twitter:label1\" content=\"Dur\u00e9e de lecture est.\">\n\t<meta name=\"twitter:data1\" content=\"2 minutes\">\n<script type=\"application\/ld+json\" class=\"yoast-schema-graph\">{\"@context\":\"https:\/\/schema.org\",\"@graph\":[{\"@type\":\"Organization\",\"@id\":\"https:\/\/cofab-in-bondy.fr\/#organization\",\"name\":\"cofab-in-bondy\",\"url\":\"https:\/\/cofab-in-bondy.fr\/\",\"sameAs\":[],\"logo\":{\"@type\":\"ImageObject\",\"@id\":\"https:\/\/cofab-in-bondy.fr\/#logo\",\"inLanguage\":\"fr-FR\",\"url\":\"https:\/\/cofab-in-bondy.fr\/wp-content\/uploads\/2021\/01\/co-Fab_short.png\",\"width\":90,\"height\":43,\"caption\":\"cofab-in-bondy\"},\"image\":{\"@id\":\"https:\/\/cofab-in-bondy.fr\/#logo\"}},{\"@type\":\"WebSite\",\"@id\":\"https:\/\/cofab-in-bondy.fr\/#website\",\"url\":\"https:\/\/cofab-in-bondy.fr\/\",\"name\":\"CoFab-in-Bondy\",\"description\":\"Le fablab made in Bondy !\",\"publisher\":{\"@id\":\"https:\/\/cofab-in-bondy.fr\/#organization\"},\"potentialAction\":[{\"@type\":\"SearchAction\",\"target\":\"https:\/\/cofab-in-bondy.fr\/?s={search_term_string}\",\"query-input\":\"required name=search_term_string\"}],\"inLanguage\":\"fr-FR\"},{\"@type\":\"ImageObject\",\"@id\":\"https:\/\/cofab-in-bondy.fr\/?page_id=6061#primaryimage\",\"inLanguage\":\"fr-FR\",\"url\":\"http:\/\/cofab-in-bondy.fr\/wp-content\/uploads\/2021\/02\/IMG_20210217_092856-1024x768.jpg\"},{\"@type\":\"WebPage\",\"@id\":\"https:\/\/cofab-in-bondy.fr\/?page_id=6061#webpage\",\"url\":\"https:\/\/cofab-in-bondy.fr\/?page_id=6061\",\"name\":\"Espace de rangement et exposition - Co-Fab in Bondy\",\"isPartOf\":{\"@id\":\"https:\/\/cofab-in-bondy.fr\/#website\"},\"primaryImageOfPage\":{\"@id\":\"https:\/\/cofab-in-bondy.fr\/?page_id=6061#primaryimage\"},\"datePublished\":\"2021-03-24T18:16:28+00:00\",\"dateModified\":\"2021-03-24T18:28:34+00:00\",\"breadcrumb\":{\"@id\":\"https:\/\/cofab-in-bondy.fr\/?page_id=6061#breadcrumb\"},\"inLanguage\":\"fr-FR\",\"potentialAction\":[{\"@type\":\"ReadAction\",\"target\":[\"https:\/\/cofab-in-bondy.fr\/?page_id=6061\"]}]},{\"@type\":\"BreadcrumbList\",\"@id\":\"https:\/\/cofab-in-bondy.fr\/?page_id=6061#breadcrumb\",\"itemListElement\":[{\"@type\":\"ListItem\",\"position\":1,\"item\":{\"@type\":\"WebPage\",\"@id\":\"https:\/\/cofab-in-bondy.fr\/\",\"url\":\"https:\/\/cofab-in-bondy.fr\/\",\"name\":\"Accueil\"}},{\"@type\":\"ListItem\",\"position\":2,\"item\":{\"@type\":\"WebPage\",\"@id\":\"https:\/\/cofab-in-bondy.fr\/?page_id=6061\",\"url\":\"https:\/\/cofab-in-bondy.fr\/?page_id=6061\",\"name\":\"Espace de rangement et exposition\"}}]}]}<\/script>\n<!-- \/ Yoast SEO plugin. -->","_links":{"self":[{"href":"https:\/\/cofab-in-bondy.fr\/index.php?rest_route=\/wp\/v2\/pages\/6061"}],"collection":[{"href":"https:\/\/cofab-in-bondy.fr\/index.php?rest_route=\/wp\/v2\/pages"}],"about":[{"href":"https:\/\/cofab-in-bondy.fr\/index.php?rest_route=\/wp\/v2\/types\/page"}],"author":[{"embeddable":true,"href":"https:\/\/cofab-in-bondy.fr\/index.php?rest_route=\/wp\/v2\/users\/2"}],"replies":[{"embeddable":true,"href":"https:\/\/cofab-in-bondy.fr\/index.php?rest_route=%2Fwp%2Fv2%2Fcomments&post=6061"}],"version-history":[{"count":3,"href":"https:\/\/cofab-in-bondy.fr\/index.php?rest_route=\/wp\/v2\/pages\/6061\/revisions"}],"predecessor-version":[{"id":6067,"href":"https:\/\/cofab-in-bondy.fr\/index.php?rest_route=\/wp\/v2\/pages\/6061\/revisions\/6067"}],"wp:attachment":[{"href":"https:\/\/cofab-in-bondy.fr\/index.php?rest_route=%2Fwp%2Fv2%2Fmedia&parent=6061"}],"curies":[{"name":"wp","href":"https:\/\/api.w.org\/{rel}","templated":true}]}}

<p>Dans la salle « Figures de l&rsquo;ombre » du Cofab in Bondy (salle de coworking), vous pourrez voir de grandes boîtes de rangement en plastique.</p>



<p>Celles-ci servent notamment pour le <strong>rangement de projets en cours</strong>.</p>



<p>Donc s&rsquo;il y a un projet scientifique que vous avez envie de développer au Cofab, sachez que nous pouvons vous mettre à disposition l&rsquo;un de ces caisses le temps de votre progression, n&rsquo;hésitez pas à nous contacter !</p>



<figure class="wp-block-image size-large"><img loading="lazy" width="1024" height="768" src="http://cofab-in-bondy.fr/wp-content/uploads/2021/02/IMG_20210217_092856-1024x768.jpg" alt="" class="wp-image-5366" srcset="https://cofab-in-bondy.fr/wp-content/uploads/2021/02/IMG_20210217_092856-1024x768.jpg 1024w, https://cofab-in-bondy.fr/wp-content/uploads/2021/02/IMG_20210217_092856-300x225.jpg 300w, https://cofab-in-bondy.fr/wp-content/uploads/2021/02/IMG_20210217_092856-768x576.jpg 768w, https://cofab-in-bondy.fr/wp-content/uploads/2021/02/IMG_20210217_092856-1536x1152.jpg 1536w, https://cofab-in-bondy.fr/wp-content/uploads/2021/02/IMG_20210217_092856-2048x1536.jpg 2048w, https://cofab-in-bondy.fr/wp-content/uploads/2021/02/IMG_20210217_092856-400x300.jpg 400w" sizes="(max-width: 1024px) 100vw, 1024px" /><figcaption>Caisses de rangement, à l&rsquo;entrée du fablab, salle « Figures de l&rsquo;ombre »</figcaption></figure>



<p><strong>Une fois votre projet terminé, pourquoi ne pas l&rsquo;exposer dans la salle principale du fablab ?</strong></p>



<p>Dans la même salle se trouve un espace d&rsquo;exposition, qui est disponible pour accueillir vos projets terminés. Donc si vous avez mené un projet au Cofab, nous serons heureux de l&rsquo;exposer à nos visiteur·se·s. N&rsquo;hésitez pas à revenir vers nous !</p>



<figure class="wp-block-image size-medium"><img loading="lazy" width="300" height="225" src="https://cofab-in-bondy.fr/wp-content/uploads/2021/02/IMG_20210217_092848-300x225.jpg" alt="" class="wp-image-5365" srcset="https://cofab-in-bondy.fr/wp-content/uploads/2021/02/IMG_20210217_092848-300x225.jpg 300w, https://cofab-in-bondy.fr/wp-content/uploads/2021/02/IMG_20210217_092848-1024x768.jpg 1024w, https://cofab-in-bondy.fr/wp-content/uploads/2021/02/IMG_20210217_092848-768x576.jpg 768w, https://cofab-in-bondy.fr/wp-content/uploads/2021/02/IMG_20210217_092848-1536x1152.jpg 1536w, https://cofab-in-bondy.fr/wp-content/uploads/2021/02/IMG_20210217_092848-2048x1536.jpg 2048w, https://cofab-in-bondy.fr/wp-content/uploads/2021/02/IMG_20210217_092848-400x300.jpg 400w" sizes="(max-width: 300px) 100vw, 300px" /><figcaption>Espace d&rsquo;exposition de projets</figcaption></figure>



<figure class="wp-block-image size-large"><img loading="lazy" width="1024" height="768" src="https://cofab-in-bondy.fr/wp-content/uploads/2021/02/IMG_20210217_092916-1024x768.jpg" alt="" class="wp-image-5367" srcset="https://cofab-in-bondy.fr/wp-content/uploads/2021/02/IMG_20210217_092916-1024x768.jpg 1024w, https://cofab-in-bondy.fr/wp-content/uploads/2021/02/IMG_20210217_092916-300x225.jpg 300w, https://cofab-in-bondy.fr/wp-content/uploads/2021/02/IMG_20210217_092916-768x576.jpg 768w, https://cofab-in-bondy.fr/wp-content/uploads/2021/02/IMG_20210217_092916-1536x1152.jpg 1536w, https://cofab-in-bondy.fr/wp-content/uploads/2021/02/IMG_20210217_092916-2048x1536.jpg 2048w, https://cofab-in-bondy.fr/wp-content/uploads/2021/02/IMG_20210217_092916-400x300.jpg 400w" sizes="(max-width: 1024px) 100vw, 1024px" /><figcaption>Exposition du projet « Marrak&rsquo;air »</figcaption></figure>



<p></p>

<p>Dans la salle « Figures de l&rsquo;ombre » du Cofab in Bondy (salle de coworking), vous pourrez voir de grandes boîtes de rangement en plastique. Celles-ci servent notamment pour le rangement de [&hellip;]</p>

<!-- This site is optimized with the Yoast SEO plugin v16.0.2 - https://yoast.com/wordpress/plugins/seo/ -->
<title>Espace de rangement et exposition - Co-Fab in Bondy</title>
<meta name="robots" content="index, follow, max-snippet:-1, max-image-preview:large, max-video-preview:-1" />
<link rel="canonical" href="https://cofab-in-bondy.fr/?page_id=6061" />
<meta property="og:locale" content="fr_FR" />
<meta property="og:type" content="article" />
<meta property="og:title" content="Espace de rangement et exposition - Co-Fab in Bondy" />
<meta property="og:description" content="Dans la salle « Figures de l&rsquo;ombre » du Cofab in Bondy (salle de coworking), vous pourrez voir de grandes boîtes de rangement en plastique. Celles-ci servent notamment pour le rangement de [&hellip;]" />
<meta property="og:url" content="https://cofab-in-bondy.fr/?page_id=6061" />
<meta property="og:site_name" content="Co-Fab in Bondy" />
<meta property="article:modified_time" content="2021-03-24T18:28:34+00:00" />
<meta property="og:image" content="http://cofab-in-bondy.fr/wp-content/uploads/2021/02/IMG_20210217_092856-1024x768.jpg" />
<meta name="twitter:card" content="summary_large_image" />
<meta name="twitter:label1" content="Durée de lecture est.">
	<meta name="twitter:data1" content="2 minutes">
<script type="application/ld+json" class="yoast-schema-graph">{"@context":"https://schema.org","@graph":[{"@type":"Organization","@id":"https://cofab-in-bondy.fr/#organization","name":"cofab-in-bondy","url":"https://cofab-in-bondy.fr/","sameAs":[],"logo":{"@type":"ImageObject","@id":"https://cofab-in-bondy.fr/#logo","inLanguage":"fr-FR","url":"https://cofab-in-bondy.fr/wp-content/uploads/2021/01/co-Fab_short.png","width":90,"height":43,"caption":"cofab-in-bondy"},"image":{"@id":"https://cofab-in-bondy.fr/#logo"}},{"@type":"WebSite","@id":"https://cofab-in-bondy.fr/#website","url":"https://cofab-in-bondy.fr/","name":"CoFab-in-Bondy","description":"Le fablab made in Bondy !","publisher":{"@id":"https://cofab-in-bondy.fr/#organization"},"potentialAction":[{"@type":"SearchAction","target":"https://cofab-in-bondy.fr/?s={search_term_string}","query-input":"required name=search_term_string"}],"inLanguage":"fr-FR"},{"@type":"ImageObject","@id":"https://cofab-in-bondy.fr/?page_id=6061#primaryimage","inLanguage":"fr-FR","url":"http://cofab-in-bondy.fr/wp-content/uploads/2021/02/IMG_20210217_092856-1024x768.jpg"},{"@type":"WebPage","@id":"https://cofab-in-bondy.fr/?page_id=6061#webpage","url":"https://cofab-in-bondy.fr/?page_id=6061","name":"Espace de rangement et exposition - Co-Fab in Bondy","isPartOf":{"@id":"https://cofab-in-bondy.fr/#website"},"primaryImageOfPage":{"@id":"https://cofab-in-bondy.fr/?page_id=6061#primaryimage"},"datePublished":"2021-03-24T18:16:28+00:00","dateModified":"2021-03-24T18:28:34+00:00","breadcrumb":{"@id":"https://cofab-in-bondy.fr/?page_id=6061#breadcrumb"},"inLanguage":"fr-FR","potentialAction":[{"@type":"ReadAction","target":["https://cofab-in-bondy.fr/?page_id=6061"]}]},{"@type":"BreadcrumbList","@id":"https://cofab-in-bondy.fr/?page_id=6061#breadcrumb","itemListElement":[{"@type":"ListItem","position":1,"item":{"@type":"WebPage","@id":"https://cofab-in-bondy.fr/","url":"https://cofab-in-bondy.fr/","name":"Accueil"}},{"@type":"ListItem","position":2,"item":{"@type":"WebPage","@id":"https://cofab-in-bondy.fr/?page_id=6061","url":"https://cofab-in-bondy.fr/?page_id=6061","name":"Espace de rangement et exposition"}}]}]}</script>
<!-- / Yoast SEO plugin. -->
