{"id":5474,"date":"2021-02-17T16:38:42","date_gmt":"2021-02-17T15:38:42","guid":{"rendered":"http:\/\/cofab-in-bondy.fr\/?page_id=5474"},"modified":"2021-03-24T16:35:21","modified_gmt":"2021-03-24T15:35:21","slug":"fer-a-souder","status":"publish","type":"page","link":"https:\/\/cofab-in-bondy.fr\/?page_id=5474","title":{"rendered":"Fer \u00e0 Souder"},"content":{"rendered":"\n<p>Un\u00a0<strong>fer \u00e0\u00a0souder<\/strong>, ou plus pr\u00e9cis\u00e9ment un\u00a0<strong>fer \u00e0\u00a0braser<\/strong>, est un outil chauffant qui permet de r\u00e9aliser une op\u00e9ration de brasage(proc\u00e9d\u00e9 d&rsquo;assemblage).Un fer \u00e0 souder simple, constitu\u00e9 d&rsquo;une masse de cuivre reli\u00e9e au manche, que l&rsquo;on fait chauffer sert \u00e0 l&rsquo;assemblage de m\u00e9taux et composant \u00e9lectroniques aujourd&rsquo;hui.<\/p>\n\n\n\n<p>G\u00e9n\u00e9ralement lors d&rsquo;une soudure la temp\u00e9rature maximum qui puisse \u00eatre atteinte se situe en dessous de 400\u00b0Celsius, il faut donc respecter certaines consignes afin de vous pr\u00e9server.<\/p>\n\n\n\n<figure class=\"wp-block-image size-large\"><img loading=\"lazy\" width=\"1024\" height=\"768\" src=\"http:\/\/cofab-in-bondy.fr\/wp-content\/uploads\/2021\/02\/IMG_20210217_145238-1024x768.jpg\" alt=\"\" class=\"wp-image-5495\" srcset=\"https:\/\/cofab-in-bondy.fr\/wp-content\/uploads\/2021\/02\/IMG_20210217_145238-1024x768.jpg 1024w, https:\/\/cofab-in-bondy.fr\/wp-content\/uploads\/2021\/02\/IMG_20210217_145238-300x225.jpg 300w, https:\/\/cofab-in-bondy.fr\/wp-content\/uploads\/2021\/02\/IMG_20210217_145238-768x576.jpg 768w, https:\/\/cofab-in-bondy.fr\/wp-content\/uploads\/2021\/02\/IMG_20210217_145238-1536x1152.jpg 1536w, https:\/\/cofab-in-bondy.fr\/wp-content\/uploads\/2021\/02\/IMG_20210217_145238-2048x1536.jpg 2048w, https:\/\/cofab-in-bondy.fr\/wp-content\/uploads\/2021\/02\/IMG_20210217_145238-400x300.jpg 400w\" sizes=\"(max-width: 1024px) 100vw, 1024px\" \/><\/figure>\n\n\n\n<ul><li>&#8211; L\u2019utilisation \u00e0 proximit\u00e9 de la prise de courant est recommand\u00e9e, afin de pouvoir en cas d\u2019urgence, d\u00e9brancher rapidement le c\u00e2ble.<\/li><li>&#8211; Il est important de d\u00e9brancher la fiche secteur apr\u00e8s chaque utilisation !<\/li><li>&#8211; Il faut attendre, apr\u00e8s utilisation, que le fer \u00e0 souder ait compl\u00e8tement refroidi (environ entre 15 et 20 minutes)! <\/li><li>&#8211; Ne pas utiliser le fer \u00e0 souder si la poign\u00e9e ou la conduite \u00e9lectrique<\/li><li>&#8211; N\u2019exposer pas l\u2019appareil \u00e0 l\u2019humidit\u00e9 ou \u00e0 la pluie.<\/li><li>&#8211; Veiller \u00e0 ce que des liquides ne s\u2019infiltrent pas dans l\u2019appareil.<\/li><\/ul>\n\n\n\n<ul><li>-Assurer une bonne ventilation. Pendant la combustion, des vapeurs peuvent se d\u00e9gager, irriter les muqueuses et aboutir m\u00eame \u00e0 des maladies pulmonaires chroniques.<\/li><\/ul>\n\n\n\n<ul><li>-L\u2019\u00e9tain de brasage pouvant renfermer du plomb, il est interdit de de manger ou boire pendant un brasage.Imp\u00e9rativement se laver soigneusement les mains apr\u00e8s le travail !<\/li><\/ul>\n\n\n\n<p>Une bonne utilisation s&rsquo;accompagne d&rsquo;un bon entretien \u00e0 chaque utilisation, suivez donc ces quelques consignes.<\/p>\n\n\n\n<ul><li>\u00c9teignez votre fer \u00e0 souder et laissez-le refroidir pendant 15 \u00e0 20 minutes avant de nettoyer sa pointe \u00e7 l&rsquo;aide d&rsquo;une \u00e9ponge. Cette action vous permettra de nettoyer ce dispositif le plus compl\u00e8tement possible sans risquer de vous bruler.<\/li><\/ul>\n","protected":false},"excerpt":{"rendered":"<p>Un\u00a0fer \u00e0\u00a0souder, ou plus pr\u00e9cis\u00e9ment un\u00a0fer \u00e0\u00a0braser, est un outil chauffant qui permet de r\u00e9aliser une op\u00e9ration de brasage(proc\u00e9d\u00e9 d&rsquo;assemblage).Un fer \u00e0 souder simple, constitu\u00e9 d&rsquo;une masse de cuivre reli\u00e9e [&hellip;]<\/p>\n","protected":false},"author":8,"featured_media":0,"parent":0,"menu_order":2,"comment_status":"closed","ping_status":"closed","template":"","meta":[],"yoast_head":"<!-- This site is optimized with the Yoast SEO plugin v16.0.2 - https:\/\/yoast.com\/wordpress\/plugins\/seo\/ -->\n<title>Fer \u00e0 Souder - Co-Fab in Bondy<\/title>\n<meta name=\"robots\" content=\"index, follow, max-snippet:-1, max-image-preview:large, max-video-preview:-1\" \/>\n<link rel=\"canonical\" href=\"https:\/\/cofab-in-bondy.fr\/?page_id=5474\" \/>\n<meta property=\"og:locale\" content=\"fr_FR\" \/>\n<meta property=\"og:type\" content=\"article\" \/>\n<meta property=\"og:title\" content=\"Fer \u00e0 Souder - Co-Fab in Bondy\" \/>\n<meta property=\"og:description\" content=\"Un\u00a0fer \u00e0\u00a0souder, ou plus pr\u00e9cis\u00e9ment un\u00a0fer \u00e0\u00a0braser, est un outil chauffant qui permet de r\u00e9aliser une op\u00e9ration de brasage(proc\u00e9d\u00e9 d&rsquo;assemblage).Un fer \u00e0 souder simple, constitu\u00e9 d&rsquo;une masse de cuivre reli\u00e9e [&hellip;]\" \/>\n<meta property=\"og:url\" content=\"https:\/\/cofab-in-bondy.fr\/?page_id=5474\" \/>\n<meta property=\"og:site_name\" content=\"Co-Fab in Bondy\" \/>\n<meta property=\"article:modified_time\" content=\"2021-03-24T15:35:21+00:00\" \/>\n<meta property=\"og:image\" content=\"http:\/\/cofab-in-bondy.fr\/wp-content\/uploads\/2021\/02\/IMG_20210217_145238-1024x768.jpg\" \/>\n<meta name=\"twitter:card\" content=\"summary_large_image\" \/>\n<meta name=\"twitter:label1\" content=\"Dur\u00e9e de lecture est.\">\n\t<meta name=\"twitter:data1\" content=\"1 minute\">\n<script type=\"application\/ld+json\" class=\"yoast-schema-graph\">{\"@context\":\"https:\/\/schema.org\",\"@graph\":[{\"@type\":\"Organization\",\"@id\":\"https:\/\/cofab-in-bondy.fr\/#organization\",\"name\":\"cofab-in-bondy\",\"url\":\"https:\/\/cofab-in-bondy.fr\/\",\"sameAs\":[],\"logo\":{\"@type\":\"ImageObject\",\"@id\":\"https:\/\/cofab-in-bondy.fr\/#logo\",\"inLanguage\":\"fr-FR\",\"url\":\"https:\/\/cofab-in-bondy.fr\/wp-content\/uploads\/2021\/01\/co-Fab_short.png\",\"width\":90,\"height\":43,\"caption\":\"cofab-in-bondy\"},\"image\":{\"@id\":\"https:\/\/cofab-in-bondy.fr\/#logo\"}},{\"@type\":\"WebSite\",\"@id\":\"https:\/\/cofab-in-bondy.fr\/#website\",\"url\":\"https:\/\/cofab-in-bondy.fr\/\",\"name\":\"CoFab-in-Bondy\",\"description\":\"Le fablab made in Bondy !\",\"publisher\":{\"@id\":\"https:\/\/cofab-in-bondy.fr\/#organization\"},\"potentialAction\":[{\"@type\":\"SearchAction\",\"target\":\"https:\/\/cofab-in-bondy.fr\/?s={search_term_string}\",\"query-input\":\"required name=search_term_string\"}],\"inLanguage\":\"fr-FR\"},{\"@type\":\"ImageObject\",\"@id\":\"https:\/\/cofab-in-bondy.fr\/?page_id=5474#primaryimage\",\"inLanguage\":\"fr-FR\",\"url\":\"http:\/\/cofab-in-bondy.fr\/wp-content\/uploads\/2021\/02\/IMG_20210217_145238-1024x768.jpg\"},{\"@type\":\"WebPage\",\"@id\":\"https:\/\/cofab-in-bondy.fr\/?page_id=5474#webpage\",\"url\":\"https:\/\/cofab-in-bondy.fr\/?page_id=5474\",\"name\":\"Fer \\u00e0 Souder - Co-Fab in Bondy\",\"isPartOf\":{\"@id\":\"https:\/\/cofab-in-bondy.fr\/#website\"},\"primaryImageOfPage\":{\"@id\":\"https:\/\/cofab-in-bondy.fr\/?page_id=5474#primaryimage\"},\"datePublished\":\"2021-02-17T15:38:42+00:00\",\"dateModified\":\"2021-03-24T15:35:21+00:00\",\"breadcrumb\":{\"@id\":\"https:\/\/cofab-in-bondy.fr\/?page_id=5474#breadcrumb\"},\"inLanguage\":\"fr-FR\",\"potentialAction\":[{\"@type\":\"ReadAction\",\"target\":[\"https:\/\/cofab-in-bondy.fr\/?page_id=5474\"]}]},{\"@type\":\"BreadcrumbList\",\"@id\":\"https:\/\/cofab-in-bondy.fr\/?page_id=5474#breadcrumb\",\"itemListElement\":[{\"@type\":\"ListItem\",\"position\":1,\"item\":{\"@type\":\"WebPage\",\"@id\":\"https:\/\/cofab-in-bondy.fr\/\",\"url\":\"https:\/\/cofab-in-bondy.fr\/\",\"name\":\"Accueil\"}},{\"@type\":\"ListItem\",\"position\":2,\"item\":{\"@type\":\"WebPage\",\"@id\":\"https:\/\/cofab-in-bondy.fr\/?page_id=5474\",\"url\":\"https:\/\/cofab-in-bondy.fr\/?page_id=5474\",\"name\":\"Fer \\u00e0 Souder\"}}]}]}<\/script>\n<!-- \/ Yoast SEO plugin. -->","_links":{"self":[{"href":"https:\/\/cofab-in-bondy.fr\/index.php?rest_route=\/wp\/v2\/pages\/5474"}],"collection":[{"href":"https:\/\/cofab-in-bondy.fr\/index.php?rest_route=\/wp\/v2\/pages"}],"about":[{"href":"https:\/\/cofab-in-bondy.fr\/index.php?rest_route=\/wp\/v2\/types\/page"}],"author":[{"embeddable":true,"href":"https:\/\/cofab-in-bondy.fr\/index.php?rest_route=\/wp\/v2\/users\/8"}],"replies":[{"embeddable":true,"href":"https:\/\/cofab-in-bondy.fr\/index.php?rest_route=%2Fwp%2Fv2%2Fcomments&post=5474"}],"version-history":[{"count":9,"href":"https:\/\/cofab-in-bondy.fr\/index.php?rest_route=\/wp\/v2\/pages\/5474\/revisions"}],"predecessor-version":[{"id":5983,"href":"https:\/\/cofab-in-bondy.fr\/index.php?rest_route=\/wp\/v2\/pages\/5474\/revisions\/5983"}],"wp:attachment":[{"href":"https:\/\/cofab-in-bondy.fr\/index.php?rest_route=%2Fwp%2Fv2%2Fmedia&parent=5474"}],"curies":[{"name":"wp","href":"https:\/\/api.w.org\/{rel}","templated":true}]}}