{"id":5157,"date":"2021-02-03T11:32:38","date_gmt":"2021-02-03T10:32:38","guid":{"rendered":"http:\/\/cofab-in-bondy.fr\/?page_id=5157"},"modified":"2021-02-16T11:54:00","modified_gmt":"2021-02-16T10:54:00","slug":"infos-pratiques","status":"publish","type":"page","link":"https:\/\/cofab-in-bondy.fr\/?page_id=5157","title":{"rendered":"Infos pratiques"},"content":{"rendered":"\n<p>Horaires d&rsquo;ouverture<\/p>\n\n\n\n<figure class=\"wp-block-table alignleft is-style-regular\"><table><tbody><tr><td><strong>Lundi<\/strong>        <\/td><td>9h00-12h30   13h30-17h00<\/td><td><\/td><\/tr><tr><td><strong>Mardi<\/strong><\/td><td>9h00-12h30   13h30-17h00<\/td><td><\/td><\/tr><tr><td><strong>Mercredi<\/strong><\/td><td>9h00-12h30   13h30-17h00<\/td><td><\/td><\/tr><tr><td><strong>Jeudi<\/strong><\/td><td>9h00-12h30   13h30-17h00<\/td><td><\/td><\/tr><tr><td><strong>Vendredi<\/strong><\/td><td>9h00-12h30   13h30-17h00<\/td><td><\/td><\/tr><tr><td><strong>Samedi<\/strong><\/td><td>Ferm\u00e9 pour la journ\u00e9e<\/td><td><\/td><\/tr><tr><td><strong>Dimanche<\/strong><\/td><td>Ferm\u00e9 pour la journ\u00e9e<\/td><td><\/td><\/tr><\/tbody><\/table><\/figure>\n\n\n\n<p><\/p>\n\n\n\n<p><\/p>\n","protected":false},"excerpt":{"rendered":"<p>Horaires d&rsquo;ouverture Lundi 9h00-12h30 13h30-17h00 Mardi 9h00-12h30 13h30-17h00 Mercredi 9h00-12h30 13h30-17h00 Jeudi 9h00-12h30 13h30-17h00 Vendredi 9h00-12h30 13h30-17h00 Samedi Ferm\u00e9 pour la journ\u00e9e Dimanche Ferm\u00e9 pour la journ\u00e9e<\/p>\n","protected":false},"author":1,"featured_media":0,"parent":0,"menu_order":0,"comment_status":"closed","ping_status":"closed","template":"","meta":[],"yoast_head":"<!-- This site is optimized with the Yoast SEO plugin v16.0.2 - https:\/\/yoast.com\/wordpress\/plugins\/seo\/ -->\n<title>Infos pratiques - Co-Fab in Bondy<\/title>\n<meta name=\"robots\" content=\"index, follow, max-snippet:-1, max-image-preview:large, max-video-preview:-1\" \/>\n<link rel=\"canonical\" href=\"https:\/\/cofab-in-bondy.fr\/?page_id=5157\" \/>\n<meta property=\"og:locale\" content=\"fr_FR\" \/>\n<meta property=\"og:type\" content=\"article\" \/>\n<meta property=\"og:title\" content=\"Infos pratiques - Co-Fab in Bondy\" \/>\n<meta property=\"og:description\" content=\"Horaires d&rsquo;ouverture Lundi 9h00-12h30 13h30-17h00 Mardi 9h00-12h30 13h30-17h00 Mercredi 9h00-12h30 13h30-17h00 Jeudi 9h00-12h30 13h30-17h00 Vendredi 9h00-12h30 13h30-17h00 Samedi Ferm\u00e9 pour la journ\u00e9e Dimanche Ferm\u00e9 pour la journ\u00e9e\" \/>\n<meta property=\"og:url\" content=\"https:\/\/cofab-in-bondy.fr\/?page_id=5157\" \/>\n<meta property=\"og:site_name\" content=\"Co-Fab in Bondy\" \/>\n<meta property=\"article:modified_time\" content=\"2021-02-16T10:54:00+00:00\" \/>\n<meta name=\"twitter:card\" content=\"summary_large_image\" \/>\n<script type=\"application\/ld+json\" class=\"yoast-schema-graph\">{\"@context\":\"https:\/\/schema.org\",\"@graph\":[{\"@type\":\"Organization\",\"@id\":\"https:\/\/cofab-in-bondy.fr\/#organization\",\"name\":\"cofab-in-bondy\",\"url\":\"https:\/\/cofab-in-bondy.fr\/\",\"sameAs\":[],\"logo\":{\"@type\":\"ImageObject\",\"@id\":\"https:\/\/cofab-in-bondy.fr\/#logo\",\"inLanguage\":\"fr-FR\",\"url\":\"https:\/\/cofab-in-bondy.fr\/wp-content\/uploads\/2021\/01\/co-Fab_short.png\",\"width\":90,\"height\":43,\"caption\":\"cofab-in-bondy\"},\"image\":{\"@id\":\"https:\/\/cofab-in-bondy.fr\/#logo\"}},{\"@type\":\"WebSite\",\"@id\":\"https:\/\/cofab-in-bondy.fr\/#website\",\"url\":\"https:\/\/cofab-in-bondy.fr\/\",\"name\":\"CoFab-in-Bondy\",\"description\":\"Le fablab made in Bondy !\",\"publisher\":{\"@id\":\"https:\/\/cofab-in-bondy.fr\/#organization\"},\"potentialAction\":[{\"@type\":\"SearchAction\",\"target\":\"https:\/\/cofab-in-bondy.fr\/?s={search_term_string}\",\"query-input\":\"required name=search_term_string\"}],\"inLanguage\":\"fr-FR\"},{\"@type\":\"WebPage\",\"@id\":\"https:\/\/cofab-in-bondy.fr\/?page_id=5157#webpage\",\"url\":\"https:\/\/cofab-in-bondy.fr\/?page_id=5157\",\"name\":\"Infos pratiques - Co-Fab in Bondy\",\"isPartOf\":{\"@id\":\"https:\/\/cofab-in-bondy.fr\/#website\"},\"datePublished\":\"2021-02-03T10:32:38+00:00\",\"dateModified\":\"2021-02-16T10:54:00+00:00\",\"breadcrumb\":{\"@id\":\"https:\/\/cofab-in-bondy.fr\/?page_id=5157#breadcrumb\"},\"inLanguage\":\"fr-FR\",\"potentialAction\":[{\"@type\":\"ReadAction\",\"target\":[\"https:\/\/cofab-in-bondy.fr\/?page_id=5157\"]}]},{\"@type\":\"BreadcrumbList\",\"@id\":\"https:\/\/cofab-in-bondy.fr\/?page_id=5157#breadcrumb\",\"itemListElement\":[{\"@type\":\"ListItem\",\"position\":1,\"item\":{\"@type\":\"WebPage\",\"@id\":\"https:\/\/cofab-in-bondy.fr\/\",\"url\":\"https:\/\/cofab-in-bondy.fr\/\",\"name\":\"Accueil\"}},{\"@type\":\"ListItem\",\"position\":2,\"item\":{\"@type\":\"WebPage\",\"@id\":\"https:\/\/cofab-in-bondy.fr\/?page_id=5157\",\"url\":\"https:\/\/cofab-in-bondy.fr\/?page_id=5157\",\"name\":\"Infos pratiques\"}}]}]}<\/script>\n<!-- \/ Yoast SEO plugin. -->","_links":{"self":[{"href":"https:\/\/cofab-in-bondy.fr\/index.php?rest_route=\/wp\/v2\/pages\/5157"}],"collection":[{"href":"https:\/\/cofab-in-bondy.fr\/index.php?rest_route=\/wp\/v2\/pages"}],"about":[{"href":"https:\/\/cofab-in-bondy.fr\/index.php?rest_route=\/wp\/v2\/types\/page"}],"author":[{"embeddable":true,"href":"https:\/\/cofab-in-bondy.fr\/index.php?rest_route=\/wp\/v2\/users\/1"}],"replies":[{"embeddable":true,"href":"https:\/\/cofab-in-bondy.fr\/index.php?rest_route=%2Fwp%2Fv2%2Fcomments&post=5157"}],"version-history":[{"count":6,"href":"https:\/\/cofab-in-bondy.fr\/index.php?rest_route=\/wp\/v2\/pages\/5157\/revisions"}],"predecessor-version":[{"id":5317,"href":"https:\/\/cofab-in-bondy.fr\/index.php?rest_route=\/wp\/v2\/pages\/5157\/revisions\/5317"}],"wp:attachment":[{"href":"https:\/\/cofab-in-bondy.fr\/index.php?rest_route=%2Fwp%2Fv2%2Fmedia&parent=5157"}],"curies":[{"name":"wp","href":"https:\/\/api.w.org\/{rel}","templated":true}]}}